Determine j(z).
10
Suppose -3*x - 2 = -2*a + 6, -5*x + 20 = 5*a. Suppose x = -3*m + 31*m - 168. Let v(b) = b**2 - 5*b - 1. Give v(m).
5
Let u(n) = -n**2 - 9*n + 4. Let v(r) be the second derivative of -r**5/20 + 2*r**4/3 - 2*r**3 - 11*r**2 - 7*r - 1. Let j be v(5). Calculate u(j).
18
Let s(w) be the third derivative of 0*w**3 + 0*w - 1/3*w**4 + w**2 - 14. Calculate s(1).
-8
Let b(k) = 4*k + 23. Let m be b(-5). Let p(j) be the third derivative of -j**4/24 + j**3 + j**2 - 2. Determine p(m).
3
Let n(m) = -6*m + 8. Let g(u) = -7*u + 9. Let t(x) = -4*g(x) + 5*n(x). Let d = -5 + 9. Suppose -4*r - 3 = -3*r, d*r - 3 = -5*f. Determine t(f).
-2
Let u(v) = -8*v - 3. Let z be (221/(-51))/13*-3. What is u(z)?
-11
Let y(g) be the second derivative of 3*g**4/4 - g**3/2 + g**2/2 - 7*g. Let i = 229 - 227. Give y(i).
31
Let m(r) = -r**3 + 11*r**2 - 10*r - 66. Let v be 25200/1120*(-1 + (-7)/(-5)). What is m(v)?
6
Let k(f) = -4*f - f**2 + 6 + 5*f - 2*f. Suppose -3 = -3*b + 3*r, 2*b = 385*r - 382*r + 8. Determine k(b).
-14
Let i(f) = f**3 - f. Let s(k) = -7*k**3 - 4*k**2 + 11*k + 2. Let c(g) = -6*i(g) - s(g). Suppose -4*b + 33*p - 35*p - 4 = 0, 60 = -4*b + 5*p. Calculate c(b).
-2
Let f(y) be the third derivative of 1/24*y**4 - 3*y**2 + 0*y**3 + 7/60*y**5 - 2 + 0*y. Give f(-1).
6
Let b(c) = c**3 + 27*c**2 - 17*c - 459. Let t be b(-27). Let g(y) = -5*y + 6 + 3 - 5 + 3*y. Determine g(t).
4
Let d(h) = -3*h**2 + 5*h + 4. Let n(v) = 39*v - 498. Let i be n(13). Suppose -48*t + 51*t - i = 0. Determine d(t).
-8
Let b(i) = i**3 - 23*i**2 + 41*i + 30. Suppose 4*z = 0, 2*s - 3*z - 66 = -24. Determine b(s).
9
Suppose -355 = -2*q - 349. Let w(f) = -5*f + 7. Determine w(q).
-8
Let r(g) be the first derivative of -11/2*g**2 + 1/3*g**3 - 3*g - 33. Calculate r(11).
-3
Let q(r) = -r**2 - 11*r + 56. Let v(t) = -15*t**2 + 73*t - 4. Let l be v(5). Give q(l).
14
Let x(t) be the first derivative of -18 - 1/2*t**2 - 5*t - 1/3*t**3. Let n be 0 - (2 - (-1 + 3)). Give x(n).
-5
Let u be -1*2*(-26)/26. Let s(f) = 7*f + 13*f**2 + 14*f**u - 4 - 28*f**2. Give s(5).
6
Let l(r) = -34*r - 8. Let q(v) = -v**3 + 39*v**2 - 68*v + 2647. Let o be q(39). Determine l(o).
162
Let t be (-24 - -17) + (-30)/(-3). Let i(r) = -r**2 - t*r + 3*r + 5*r**2 + 5*r - 7 - 3*r**2. Give i(-7).
7
Let v(n) be the second derivative of n**3/2 - n**2 - 92*n. Suppose j - 10 = -4*j. Suppose -4*p = f + 18, 5*f + 0*p + j*p = 0. Calculate v(f).
4
Let z(t) = 2*t - 4. Let v(k) = 3*k - 7. Let y(l) = 5*v(l) - 6*z(l). Determine y(7).
10
Let p(m) = -m**3 + 30*m**2 - 28*m - 25. Let y be (1*(-4)/8)/(295/(-290) - -1). Give p(y).
4
Let w(q) = -33*q**2 + 7*q + 8. Let m(x) = 46*x**2 - 8*x - 9. Let h(o) = -2*m(o) - 3*w(o). What is h(-1)?
6
Let p(q) be the third derivative of -9*q**5/20 - 5*q**4/24 + 2*q**3/3 + 14*q**2 + 17. Determine p(1).
-28
Let f(a) be the first derivative of a**2/2 + a - 1. Let o = -488 - -478. Let y(v) = v**3 + 11*v**2 + 8*v - 22. Let x be y(o). What is f(x)?
-1
Let b(a) = 216*a - 1520. Let u be b(7). Let j(r) be the first derivative of r**3/3 + 6*r**2 + 12*r - 6. Give j(u).
-20
Let w(c) = -c**2 + 9. Let j be w(0). Suppose 6*u - j = 9. Let v(a) = -6*a + u + 5*a + 0*a. Determine v(0).
3
Let o(h) = 2 + 17*h + 13*h - 39*h + 10*h. Give o(6).
8
Let o be (16/28)/(12/42). Let t(s) = -s**2 + 2. Let v(m) = -m**3 - 8*m**2 - 3*m + 8. Let b(a) = o*t(a) - v(a). Calculate b(-5).
6
Let j(h) = -4*h - 1. Let q(x) = 21*x + 64. Let z(b) = -3*j(b) - q(b). Calculate z(-6).
-7
Suppose -5*q + 28*q - 656 = -59*q. Let r(g) = g**3 - 7*g**2 - 8*g - 7. What is r(q)?
-7
Let z(w) = 16*w - 10*w**2 + 11*w**2 - 7*w - 61 + 52 - 2*w**2. Let t be (6/4)/(9/48). What is z(t)?
-1
Let p(n) be the first derivative of n**3/3 + 15*n**2/2 + 51*n + 1636. Calculate p(-6).
-3
Let y(o) = 7*o**3 - 21*o**2 - 8*o - 25. Let g(l) = -3*l**3 + 10*l**2 + 4*l + 12. Let n(c) = 9*g(c) + 4*y(c). Suppose 0 = -6*a - 16*a + 102 - 234. Give n(a).
-16
Let n(s) be the third derivative of 0 - 4*s**2 + 0*s + 1/6*s**4 + 0*s**3. Suppose -4*t + 17 = -k, -42*t + 13 = 3*k - 38*t. Calculate n(k).
-4
Let q(p) = -41*p + 286. Suppose 4*l - 26 = -2*a, -5 + 3 = -2*a + 4*l. Let v be q(a). Let y(g) = 0*g + 2*g + 12*g**2 + 1 - 4*g**2. Give y(v).
7
Let h(l) = l**2 - 9*l + 11. Let g(j) = -j**3 + 15*j**2 + 18*j - 24. Let k = 19 - 11. Suppose 0 = -2*f + m + 27, k*f - 75 = 3*f + m. Let d be g(f). Give h(d).
3
Let q(k) = k**2 - 7*k - 12. Suppose 2*i + 144 = 3*b, -220 - 52 = 4*i + 2*b. Let o = i + 76. Calculate q(o).
-12
Let h = -5505 - -5515. Let k(w) = -w**2 + 11*w - 26. Determine k(h).
-16
Let m(k) be the first derivative of 176 - 1/2*k**2 - 3*k. Calculate m(0).
-3
Let h = -23 + 23. Suppose 0*a - 8*a = h. Let x be -1 + 3 + a/1. Let w(k) = -k**2 - 3*k + 1. Determine w(x).
-9
Let h = 2214 + -2210. Let p(n) = 10*n + 8. What is p(h)?
48
Let l(r) = -2*r**2 + 23*r + 37. Let q = -717 + 729. Calculate l(q).
25
Let z(p) = -p**2 + 40*p - 325. Let r be z(29). Let s(g) = 6*g + 23. Determine s(r).
-13
Let f(r) be the first derivative of 7*r - 16 - 3*r**2 + 1/3*r**3. What is f(5)?
2
Let r(a) = -a**3 - 6*a**2 - 5*a + 4. Let c(y) be the first derivative of 73*y**2 + 30*y - 15 - 36*y**2 - 38*y**2. Let j be c(17). What is r(j)?
-8
Let o(s) = 2*s - s - 3*s - 3*s**2 + 4*s**2. Suppose 293 + 527 = 164*n. Calculate o(n).
15
Let a(c) = -c. Let w = 164 + -109. Let p be 1*w/(-15)*-3. Suppose -5*u + 7 = z + 3*z, -3*z + 2*u + p = 0. Calculate a(z).
-3
Let o(y) = 3*y**3 - 11*y**2 + 16*y - 12. Let w be o(2). Let r(t) = -t**3 - 4*t**2 - 2*t - 17. Give r(w).
-17
Suppose 14*j = 172 + 38. Suppose -2*l - j + 33 = 0. Let m(t) = -t**2 + 11*t - 6. Give m(l).
12
Let g = 2971 - 1982. Let b(y) = g - 5*y**2 - 989 + y + y**2. Determine b(2).
-14
Let i(u) be the first derivative of u**4/4 + 10*u**3/3 + 2*u**2 - 12*u + 8321. Calculate i(-8).
84
Let t(c) = 66 + 60 - 67 + 96 - 9*c - 2. Calculate t(17).
0
Let g(d) be the first derivative of d**4/4 + 2*d**3 - 5*d + 9. Let y = 44 + -40. Suppose -14 = y*w + 10. What is g(w)?
-5
Let c(w) be the third derivative of w**7/5040 + w**6/144 + w**5/20 - 17*w**4/24 + 33*w**2. Let j(a) be the third derivative of c(a). Give j(-6).
-1
Let g be (-5 + 5 - 1) + 44. Let i(t) = -87*t + g*t - 6 + 48*t + 2. What is i(3)?
8
Let q(r) = -10*r + 71*r**2 + 6 - 37*r**2 - 37*r**2 + 45*r. Calculate q(12).
-6
Let k(v) = -v**2 - 5*v + 8. Let a be k(-16). Let i be (-308)/a - (-1)/6. Let g(r) = -3*r**3 + 3*r**2 - 2*r. What is g(i)?
-16
Let p = 2623 + -2613. Let v(b) be the second derivative of 1/2*b**3 + 0 + p*b + 3/2*b**2. Calculate v(-2).
-3
Let z(o) be the second derivative of o**4/6 + 6*o**3 + 19*o**2 + 867*o. Calculate z(-17).
4
Let q(a) = 3688*a + 4755*a - 6 - 8442*a. Suppose 3*r - 16 = -4. Suppose 2*f + 4*u - r = 0, f + 5*u + 4 = -0*u. Determine q(f).
0
Suppose -250*g + 1893 + 375 = -61*g. Let t(i) = i**3 - 9*i**2 - 35*i - 19. Determine t(g).
-7
Let h(f) be the second derivative of -5*f + 2*f**2 - 3 - 1/6*f**3. Calculate h(5).
-1
Let q(x) = x**3 - 3*x**2 - 21*x + 68. Let l be q(4). Let w(z) = -z**2 + 19*z - 2. Give w(l).
-2
Let z(i) = i**3 + 6*i**2 - 2*i + 18. Let a be ((-15)/4*(-188)/(-470))/(6/28). Give z(a).
-17
Let q(h) = -56*h - 838. Suppose -2*g + 41 = 3*r + 86, -3*r + 60 = -5*g. Calculate q(g).
2
Let m(l) be the second derivative of -l**3 - l**2 + l + 2826. Suppose -16 = -i - 0*o + 2*o, -5*i + 2*o + 56 = 0. Let u = i - 7. What is m(u)?
-20
Let l(o) = -o - 9. Suppose 0 = -129*t - 23 - 235. What is l(t)?
-7
Suppose 19*h = 12*h - 868. Let b = 124 + h. Let k(u) = 5*u - 4. Give k(b).
-4
Let m be 2*((-30)/4)/(-3). Let j(a) = -a**3 + 6*a**2 - 4*a. Let l = -24 - -28. Let h(o) = -3*o**3 + 18*o**2 - 12*o - 1. Let r(k) = l*h(k) - 11*j(k). Give r(m).
1
Let y(z) = -z**3 + 17*z**2 + 3*z + 5. Let b(s) = 2*s**2 + s - 1. Let u(h) = 4*b(h) - y(h). Suppose -5*d - 4 + 59 = -5*l, 4 = -2*l. Determine u(d).
0
Let a(v) = -5*v**3 - 10*v**2 + 4*v - 13. Let g(k) = 7*k**3 + 12*k**2 - 3*k + 14. Let s(w) = 3*a(w) + 2*g(w). Determine s(-7).
-4
Let t(g) be the first derivative of -g**3/3 - g**2 + 2*g - 59971. Suppose h - 2 = -q, 0 = -3*h + 5*h + 2. Determine t(q).
-13
Suppose 12*t = 17*t - 5*p - 80, -12 = 3*p. Let h(b) = -8*b + 104. Give h(t).
8
Let q be 1*(1 - 4) - -2. Let s = 3 - -65. Let d(n) = n**3 - 194*n + 62*n + 65*n + s*n. Give d(q).
-2
Let s